e prime factors of l?
7
Let a(n) = 38*n - 50. Let u be a(6). Let i = u + -61. What are the prime factors of i?
3, 13
Let r = -73 + 113. Suppose r*h = 43*h - 9. What are the prime factors of h?
3
Suppose -22*f = -21*f - 5. Suppose -f*m + 328 + 217 = 0. List the prime factors of m.
109
Let i = 2041 - 662. Suppose -4*x + 834 + 271 = -m, -5*x = -2*m - i. What are the prime factors of x?
277
Let b be 4/(-8)*-4*3. Suppose b*z - 2*z = 0. Suppose -h + z*h + 42 = 0. What are the prime factors of h?
2, 3, 7
Suppose 36*k - 405 = 35*k. List the prime factors of k.
3, 5
Let m(r) = 83*r + 1. Let o be m(1). Let k = -24 + 30. Suppose 3*l - k*l = -o. List the prime factors of l.
2, 7
Suppose -z = -6*z + 130. Let u = 49 - 45. Suppose u = h, 3*q + 0*q - z = -2*h. What are the prime factors of q?
2, 3
Suppose -5*w = n + 20, 2*n = -0*n + 5*w + 35. Suppose n*o - 662 = -4*s, -5*o + 2*s + 678 = -2*s. List the prime factors of o.
2, 67
Suppose -1 + 7 = 6*m. What are the prime factors of m/(-2) + 202/4?
2, 5
Suppose -2*s + s - 2*n = 4, -s = -2*n + 20. Let z(q) = 8*q + 14. Let o be z(-6). Let y = s - o. List the prime factors of y.
2, 11
Let j = 1581 - 855. What are the prime factors of j?
2, 3, 11
Let a = 50 - 29. Let r = a - -66. List the prime factors of r.
3, 29
Let a(b) = b + 2. Let w be a(4). Suppose 0 = 499*k - 518*k + 266. Let t = w + k. List the prime factors of t.
2, 5
What are the prime factors of 2737/4 - (-8)/96*9?
5, 137
Let y be (27/4)/(10/(-40)). What are the prime factors of (8/(-3))/(18/y)?
2
Let x = -8 + 17. Suppose -x = t - 4*t. Suppose 3*r + 9 = -0*r, t*u - 4*r = 33. List the prime factors of u.
7
What are the prime factors of (-3)/7 + 1039/7?
2, 37
Suppose -13*j - 6 = -10*j. Suppose 160 = 4*y + 5*g, -3*y + 5*y - 80 = 4*g. Let m = y + j. What are the prime factors of m?
2, 19
Let c(l) = -l**3 + 6*l**2 + 6*l + 9. Let m be c(7). Suppose -2*w + 222 = 2*y, -m*y + 66 - 649 = -5*w. Suppose -t = 4*t - w. List the prime factors of t.
23
Let k(i) be the second derivative of -1/6*i**3 - 3/2*i**2 - 1/4*i**4 + 1/20*i**5 + 0 + 5*i. List the prime factors of k(5).
2, 3, 7
Suppose 14*t - 5*t = 15255. List the prime factors of t.
3, 5, 113
Suppose -3*p + 5*g = -0*p - 1273, -4*p + 2*g + 1688 = 0. Let w = p - 299. List the prime factors of w.
2, 61
Let u(x) be the second derivative of -x**4/12 + 2*x**3/3 - x**2/2 - 8*x. Let i(m) = -m + 9. Let v be i(7). List the prime factors of u(v).
3
Let r be (-4)/(-1)*(-6132)/(-16). Let g(h) = h**3 + 10*h**2 + 6. Let p be g(-10). List the prime factors of ((-2)/p)/((-7)/r).
73
Let g be (-9264)/(-120) + 2/(-10). Let k = g - 40. List the prime factors of k.
37
Let l(u) = 8*u**3 + 2*u**2 - 3*u + 19. List the prime factors of l(3).
2, 61
Suppose -a + y - 3 = 0, y + 4*y - 15 = 3*a. Suppose a = 2*s - 5*s + 405. What are the prime factors of s?
3, 5
Suppose -4*g = -5423 - 2445. What are the prime factors of g?
7, 281
Let u(b) = 72 - 10*b**2 - 67 + 0*b + 5*b - b**3. What are the prime factors of u(-11)?
71
Let v = -81 + 81. Suppose -4*r - 88 = -2*i, v = 2*i - 5*r - 110 + 19. List the prime factors of i.
2, 19
Let g(l) = l**2 - 5*l - 3. Let v be g(6). Suppose 45 = 3*k - 3*p, v = -k - 5*p - 0. List the prime factors of k.
2, 3
Let j = -95 + 168. List the prime factors of j.
73
Suppose 8*y = 10 + 62. Suppose -2411 = -y*g - 170. What are the prime factors of g?
3, 83
Let d(t) be the second derivative of -t**5/20 + 7*t**4/12 + 3*t**2 + 3*t. What are the prime factors of d(7)?
2, 3
Suppose -3*n - 4041 = -4*t, -3*t + 3034 = 7*n - 6*n. What are the prime factors of t?
3, 337
What are the prime factors of (-2)/(-7 - (-46102)/6587)?
2, 941
Suppose -2*i = -6*i + 156. Suppose 2*d = i + 29. List the prime factors of d.
2, 17
Let k(a) = a**2 - 13*a - 26. Let v be k(14). List the prime factors of (0 + (-124)/v)*3.
31
Let q(b) = -4*b**3 - 12*b**2 - 11*b - 10. Let l(r) = -r**3 - r**2 - r - 1. Let c(p) = -5*l(p) + q(p). List the prime factors of c(8).
11
Let o(h) = h**3 - h**2 - 4*h - 1. Let f be o(4). Let p = f + -22. Suppose 0 = 2*c - p + 3. List the prime factors of c.
3
Suppose 0 = t - 5. Let o be 4/(-10) - (-252)/t. Suppose -o = -4*j - j. List the prime factors of j.
2, 5
Suppose -2779 = -12*a - 19. List the prime factors of a.
2, 5, 23
Suppose -2*b - 2*l = -0 + 4, -b - 22 = 5*l. Suppose -b*j + 191 = 23. What are the prime factors of j?
2, 7
Suppose -8993 = -7*o + 121. What are the prime factors of o?
2, 3, 7, 31
Let w(r) = -r**2 + 31*r - 23. Let u(n) = 14*n**3 + n**2 + n - 3. Let i be u(1). List the prime factors of w(i).
211
Suppose 17*m - 36 = 13*m. List the prime factors of ((-1)/(m/(-30)))/(1/24).
2, 5
Suppose 3403 = 7*p + 960. List the prime factors of p.
349
Suppose -65 + 1 = -4*h. Let a be (-3)/(-12) - (-76)/h. Suppose 0 = -3*f + 2 + 1, a*c - 2*f - 8 = 0. What are the prime factors of c?
2
What are the prime factors of (20/60)/(-3*3/(-14472))?
2, 67
Let l = -13 + 20. Suppose -l*i + 3*i - 3*d = -1106, -3*i + 833 = 4*d. What are the prime factors of i?
5, 11
Let x be ((-24)/30)/(4/(-10)). Suppose 0 = -4*d + 5*h + 21, x*h - 4*h - 10 = 0. List the prime factors of d - (-1 + -29 + 2).
3
Let j(p) = -p**3 - 5*p**2 - 2*p - 6. Let m(x) = x**3 + 6*x**2 + x + 7. Let l(h) = 3*j(h) + 2*m(h). Let z = -44 + 41. What are the prime factors of l(z)?
2
Let f(t) = -t**3 + 24*t**2 - 31*t - 44. List the prime factors of f(22).
2, 11
What are the prime factors of (-36)/(2/(184/(-466)) + 5)?
2, 3, 23
What are the prime factors of -7 - (5 - (2 + 619))?
3, 7, 29
Suppose 2*l - 6*n + 2*n = 5054, 2*n - 5072 = -2*l. List the prime factors of l.
17, 149
Let n = -1154 - -1753. Suppose -5*j + n = 3*x, 817 = x + 3*x + 3*j. What are the prime factors of x?
2, 13
Suppose -4*o = -o - g - 2359, -5*o + 2*g + 3930 = 0. What are the prime factors of o?
2, 197
Suppose 2 - 5 = 4*a + 3*j, -3*a - 2*j = 3. List the prime factors of ((-18)/(-10))/a*(-61 - -6).
3, 11
Suppose 15 = w + 2*w + 3*y, 2*w = -y + 7. Let k(g) = 7*g**3 - 4*g**2 + 2*g + 1. What are the prime factors of k(w)?
3, 5
Let p(c) = 39*c**2 - 2. List the prime factors of p(1).
37
Let u be (-2)/((-4)/8*-2) + 3. Suppose 2*j - 7 - u = 0, -k + 217 = -5*j. List the prime factors of k.
3, 79
Let t be (-76)/(-16) - (-1)/4. Suppose 178 + 347 = t*m. List the prime factors of (-1)/(1*(-3)/m).
5, 7
Let z = 5436 + -3150. List the prime factors of z.
2, 3, 127
Let o = 1 - -5. Suppose 3*m - 29 = y, 49 = o*m - m - y. List the prime factors of 25/m + 1/2.
3
Let a be -55 + (12/(-2) - -3). Let f = a - -100. List the prime factors of f.
2, 3, 7
Let q be 127*-1 + -2 + 3 + -1. Let h = 219 + q. What are the prime factors of h?
2, 23
Suppose -h - 3*m = -41, -4*h - 2*m + 199 = 3*m. Let f be 2/(-17) - 6/(-51). Suppose f = 2*a - 4*a + h. List the prime factors of a.
2, 7
Suppose -2*c - 24 = -5*w, -5*c + 4 = 5*w - 6. Let z be (131 - 0) + 1 + c. List the prime factors of z/(-4)*(-20)/25.
2, 13
Suppose 0 = 3*g - 5*g + 4*w + 24, 4*w = -4*g. What are the prime factors of (-2 + 25)*g + 4?
2, 3
Let h(q) = q**2 + 7*q - 4. Let f(l) = -8*l**3 + l**2 - 2*l + 1. Let s be f(1). Let b be 24/6*18/s. List the prime factors of h(b).
2, 7
Suppose 2*x + x + 3 = 0. What are the prime factors of -5 + 6 + x + (49 - 0)?
7
Let m(z) = z**3 + 8*z**2 + 16*z + 45. List the prime factors of m(-6).
3, 7
Suppose 0 = 5*v + 15, 0*v + 3*v + 7 = b. Let u be ((-4)/6)/(b/18). Suppose u*m - 107 = -17. List the prime factors of m.
3, 5
Suppose -2*t = 26 - 72. Suppose -t*m + 18*m = -15. What are the prime factors of (1/m)/(1/30)?
2, 5
Suppose 4*x - 8*x - 192 = 0. Let i = 2 - 1. List the prime factors of (8/(-16))/(i/x).
2, 3
Let j(i) = -4*i**2 + 120*i + 38. List the prime factors of j(29).
2, 7, 11
Suppose -144 = 4*d + 4*y, 0*y = 4*d + y + 135. List the prime factors of (1111/d)/((-1)/3).
101
Let t(c) = -c**2 - 11*c - 23. Let u be t(-7). Suppose 170 = 5*o - 2*d, -u*o = 2*d - 83 - 107. List the prime factors of o.
2, 3
Let a(g) = -2*g + 2. Let x be a(4). Let w(r) = -r**3 - 5*r**2 + 7*r - 6. Let i be w(x). Let f = -7 - i. What are the prime factors of f?
5
Let o(t) = 132*t**2 - t + 31. List the prime factors of o(-5).
2, 3, 139
List the prime factors of 1560/32 + (9/4 - 3).
2, 3
Suppose 5*y = -5*n + 25, 0 = 2*y - 4*n - 16 + 36. Suppose -p + y*p + 125 = -4*g, 4*p = 3*g + 448. List the pri